 + 4*x = -184. Let a(g) = -5*g + 3. Let t be a(-1). Calculate the greatest common factor of c and t.
8
Let q(d) = d**2 + 2*d - 8. Let y be q(-6). Let h = y + -8. Let o = 13 - h. What is the greatest common divisor of 5 and o?
5
Suppose a - 2*x = x - 8, 3*a - 4*x = -24. Let g be 24/14*(-28)/a. What is the greatest common factor of 4 and g?
2
Let j = 6 + -9. Let o be j + (-9)/3 + 3. Let c be -2 + (-1)/(o/21). Calculate the highest common factor of c and 25.
5
Let y = -24 - -42. Calculate the greatest common divisor of 144 and y.
18
Let f(y) be the second derivative of y**5/5 + y**3/3 - y**2/2 - y. Let d be f(1). Suppose -26 - 84 = -2*j. Calculate the greatest common factor of j and d.
5
Suppose -3*o - 20 = -8*o. Suppose -5*n + 25 = 4*b - 1, -4 = b - o*n. Calculate the highest common divisor of b and 44.
4
Let l be (15*-2)/(6/(-9)). Let z(u) = u**2 - 2*u + 2. Let r be z(3). Calculate the highest common divisor of l and r.
5
Let n be 2 - 5*(0 + 2). Let g be 716/16 + (-2)/n. What is the highest common divisor of g and 15?
15
Let s = 67 + -27. Suppose 0 = -38*m + 40*m - 32. Calculate the greatest common divisor of m and s.
8
Suppose -5*f - 85 = 6*g - 10*g, 0 = 3*g - 5*f - 70. Calculate the greatest common divisor of g and 5.
5
Let o(f) be the third derivative of f**4/24 + f**3/2 - f**2. Let s be o(6). Let x = -3 - -4. What is the greatest common factor of x and s?
1
Let b = 37 - 1. Suppose i = 92 - b. Let t(j) = -j**3 - 5*j**2 + 6*j + 8. Let s be t(-6). Calculate the greatest common divisor of i and s.
8
Suppose 0 = m - 0 - 5. Suppose m*s - 198 = 2*s. Suppose -5*q = -4*a - 10, -3*a = 2*a - 25. What is the greatest common divisor of s and q?
6
Let u = 3 - -5. Calculate the greatest common divisor of u and 12.
4
Suppose 0 = -0*p - p - 1105. Let l be (-2)/(-4) + p/(-10). Suppose 3*f = 5*f + 4*s - 240, -f - 5*s + l = 0. What is the greatest common factor of 14 and f?
14
Let z(t) = 28*t**2 + 3*t + 3. Let r be z(-1). Calculate the highest common factor of r and 14.
14
Suppose -3*x = -14 + 2. What is the highest common factor of 10 and x?
2
Let o be 146/9 - 4/18. Let b(p) = -p**2 + 8*p - 7. Let r be b(-8). Let n = r - -311. What is the highest common factor of n and o?
16
Let s(x) = -23*x - 3. Let j be s(-3). Let q = -14 - -20. What is the highest common divisor of q and j?
6
Let j be 5/15 - (-23)/3. Calculate the highest common factor of 4 and j.
4
Let g be (-1)/4 - (-1599)/(-52). Let h = g + 67. Suppose -4*q + 10 = 3*o, -q = -2*q - 3*o - 2. Calculate the highest common factor of q and h.
4
Let y = -10 + 16. Suppose -h + 20 = 4*c, -7*h = -4*c - 2*h + 44. What is the greatest common divisor of c and y?
6
Let g be 7/(-3)*-9 - -4. What is the greatest common divisor of g and 225?
25
Let d be (-804)/(-42) + 2/(-14). What is the highest common factor of 209 and d?
19
Suppose 0*v = -4*w - 3*v + 36, -5*w + 45 = v. Calculate the greatest common factor of 45 and w.
9
Let x(a) = 10*a - 21. Let v be x(5). Calculate the highest common divisor of 58 and v.
29
Let o(x) = -x**2 - 10*x + 3. Let a be o(-9). What is the highest common divisor of a and 3?
3
Let p = -4 + 14. Calculate the greatest common factor of p and 20.
10
Let p be 6*(25/3)/5. What is the greatest common divisor of 25 and p?
5
Let g = 56 + 4. Suppose 0 = 3*k + k - 48. Calculate the greatest common factor of g and k.
12
Suppose 3*j + 0*j - 24 = 0. Let h(v) = v**2 + 8*v + 8. Let b be h(-12). Calculate the highest common factor of b and j.
8
Let o(y) = y**2 - 8*y + 3. Let z be o(-4). Calculate the highest common factor of 17 and z.
17
Suppose 0 = 3*g + g - 108. What is the greatest common factor of 3 and g?
3
Let h(v) = -v**3 - v**2 + 2*v - 1. Let w be h(-2). Let r = w - 0. Let o = 12 + r. What is the highest common divisor of o and 44?
11
Suppose -7 - 4 = 4*r - 3*v, -2*v + 9 = -r. Let k = -6 + 5. Let i be (6 - k)/(3 - 2). Calculate the greatest common divisor of r and i.
1
Let d(o) = -o**3 - o + 1. Let b be d(-2). Let k = 71 + -50. Suppose -2*h = -q + k, -2*q + h = -8 - 19. Calculate the greatest common factor of q and b.
11
Let a(m) = m**3 + 5*m**2 + 7*m + 14. Let f be a(-4). What is the greatest common divisor of 7 and f?
1
Suppose -37 = -4*m + i + 94, 2*i + 6 = 0. Suppose -g - m = -2*g - 3*y, -4*y = -3*g + 44. Let h = g + -5. What is the highest common factor of h and 60?
15
Let w = -420 - -430. Suppose -2*h + 360 = 2*h. What is the greatest common factor of h and w?
10
Let b(l) = -8*l**2 - 1 + 6 - 2*l**3 + 3*l**3 + 4*l**2 + l. Let q be b(4). What is the highest common divisor of 3 and q?
3
Suppose -4*j + 577 = u + 4*u, -u + 111 = 3*j. What is the greatest common divisor of 9 and u?
9
Let p(w) = -w**2 + w + 4. Let m be p(0). Calculate the highest common divisor of m and 6.
2
Let d = 19 - -2. What is the highest common divisor of d and 189?
21
Suppose -4*z + 2*f - 4*f = -232, z - 68 = 2*f. Calculate the highest common factor of z and 24.
12
Let x(r) = -r**3 + 14*r**2 - 9*r - 10. Let i be x(13). Calculate the highest common factor of 14 and i.
14
Let k be (-4)/10 + 204/10. Let m be ((-36)/10)/((-2)/k). Let l(s) = s**2 + 54. Let d be l(0). Calculate the greatest common factor of m and d.
18
Suppose 0 = -3*r + 6 - 0. Suppose r*f - 2*p - 30 = -0*p, -3*p + 15 = 2*f. What is the highest common factor of 4 and f?
4
Let j = 10 - -2. What is the greatest common factor of j and 12?
12
Suppose -2*r - 5 + 13 = 0. Suppose -4*l + 280 = l. Suppose 0 = 2*g + 2*a - l, -3*g + 0*g - 2*a = -80. What is the greatest common divisor of r and g?
4
Suppose 8*m = 3*m - 45. Suppose 11 + 17 = 5*i - 2*c, i + c = 7. Let d be i/m + 32/3. Calculate the greatest common factor of d and 20.
10
Suppose -3*d + 0*d + 54 = 0. Let z be (2/(-6))/((-2)/d). Suppose 0 = z*j - x - 42, -x - 36 = -5*j + 32. Calculate the greatest common divisor of j and 39.
13
Let m = 2 - 2. Suppose 6 = -3*b, 6*f - 2*f + 4*b - 136 = m. Let s(t) = -t + 14. Let p be s(-10). What is the highest common factor of f and p?
12
Suppose 0 = 3*d - 369 - 39. Calculate the greatest common divisor of d and 34.
34
Suppose -t = -2*s + 57, 2*t + 8 - 146 = -5*s. Calculate the greatest common factor of s and 56.
28
Suppose 0*f + 3*f = 24. Let u(x) = 16*x**2 - x + 1. Let i be u(1). What is the highest common factor of f and i?
8
Suppose 0 = -5*s - 2*d + 4, -s - s - 8 = 4*d. Calculate the greatest common factor of 18 and s.
2
Let k = 125 - 74. What is the highest common factor of 34 and k?
17
Suppose -5*l + 2*t - 2 = -6, 5*l = 4*t + 8. Suppose l*r - 26 = -2*r. Calculate the greatest common divisor of 52 and r.
13
Let a(i) = 3*i**2 + 3*i - 2. Let r be (-12)/30 - (-12)/5. Let c be a(r). Calculate the greatest common divisor of c and 40.
8
Suppose -3*u + 340 = 8*i - 6*i, -545 = -5*u + i. Let p be 43 + 1 + 0 + 0. Calculate the greatest common divisor of u and p.
22
Let d(l) = l**3 - l**2 + 3*l - 3. Let a = -1 + 4. Let t be d(a). What is the greatest common divisor of t and 8?
8
Let j be 18 + (3 - 6) + 1. What is the highest common factor of j and 40?
8
Suppose -3*g = -6*g + 30. What is the highest common divisor of g and 20?
10
Let n be ((-6)/(-10))/(5/25). Suppose -4*f - 4*k + 84 = 0, 20 = f - n*k - 13. Calculate the greatest common divisor of f and 16.
8
Let j(v) = -v**2 - 4*v + 2. Let u be j(-2). Calculate the highest common factor of 27 and u.
3
Let v(o) = 3*o**2 + 5*o - 2. Let g(p) = -p**3 - 7*p**2 + 3. Let a be g(-7). Let y be v(a). What is the highest common divisor of 10 and y?
10
Let o(f) = -7*f - 7. Let b be o(-6). Let r = -19 + b. Let c = -16 - -32. Calculate the highest common factor of c and r.
16
Let y = 126 - 78. Calculate the highest common factor of 72 and y.
24
Suppose 132 = -5*y - 133. Let o = -37 - y. Suppose 3*c + t + 111 = 346, 5*t - 295 = -4*c. Calculate the greatest common divisor of c and o.
16
Let m(o) = 7*o - 3. Let x be m(12). Calculate the highest common factor of 9 and x.
9
Suppose 3*h = -14 + 74. Calculate the greatest common divisor of 20 and h.
20
Suppose 5*l - 4*t - 35 = 0, 5 = -2*l + 2*t + 21. Suppose -104 = -j - l*m, 3*j + 2*m - 377 = 6*m. What is the greatest common factor of j and 17?
17
Let h be (1/1)/2*4. Suppose -h*m - m + 6 = 0. Suppose 0 = -m*a + 4*o + 111 + 61, o - 452 = -5*a. What is the greatest common factor of 15 and a?
15
Let d = -107 - 